617
What are the prime factors of 14660616/1640 + (-4)/10?
7, 1277
Let w(x) = -19*x - 4. Let j = 68 + -73. Let q be w(j). Suppose -3*l - 4*u = -q, -7*u + 63 = 2*l - 2*u. List the prime factors of l.
29
Let y(z) = -z**3 - 25*z**2 - 97*z - 17. What are the prime factors of y(-28)?
5051
Suppose -2*b - 3*j + 2*j + 7 = 0, -b + 20 = -5*j. Suppose -b*z = -0*z + 20. Let w(d) = 8*d**2 + 4*d - 4. What are the prime factors of w(z)?
2, 3
Let o be (-8 - -8)*1/3. Suppose -7*z - 3*z + 22200 = o. List the prime factors of (12/(-8))/((-18)/z).
5, 37
Let b = 342 + -339. Suppose -885 = -x - o, b*o - 9 = -0. What are the prime factors of x?
2, 3, 7
Let l = 424 + 647. Let f = -708 + l. What are the prime factors of f?
3, 11
Let d(s) = 60037*s**2 + 77*s + 75. List the prime factors of d(-1).
5, 12007
Suppose 5*o - 528 = -19*o. What are the prime factors of (o/6)/(20/5580)?
3, 11, 31
Suppose 3*q = -4*v + 10836, 2*q + 2722 = v + 6*q. What are the prime factors of v?
2, 3, 11, 41
Let w(d) = 33*d**2 + 110*d - 1. List the prime factors of w(-10).
3, 733
Let i(f) = 9*f + 61. Let c(d) = 4*d + 31. Let b(p) = 5*c(p) - 2*i(p). Let y = -75 + 62. List the prime factors of b(y).
7
Let v = 132 + -131. Let y be (v/(-2))/((-11)/33)*2. List the prime factors of (y + -2 + 8)*(14 - -1).
3, 5
List the prime factors of (-4)/((-2 + (-2742)/(-1365))*215/(-4214)).
2, 7, 13
Let q = 30667 + -14115. List the prime factors of q.
2, 2069
Let d(i) = 5*i - 5. Let y(m) = m + 3. Let k be y(-1). Let r be d(k). Suppose r*q - 4*a = -a + 47, 4 = -a. What are the prime factors of q?
7
Let q = 5164 + -1066. Suppose 20*c - 14*c - q = 0. What are the prime factors of c?
683
What are the prime factors of ((-300885)/(-715))/(2/22)?
3, 1543
Let k(v) be the first derivative of -v**4/4 - 4*v**3/3 - 5*v**2/2 - 2*v - 55. What are the prime factors of k(-6)?
2, 5
Let q(o) = 3*o - 32. Let a be q(11). List the prime factors of 304 + (0 - a/(-1)).
5, 61
Let u be (-2 - (1 + -4)) + 3. Suppose 2*i = -u*b + 355 + 109, -4*i + 3*b + 917 = 0. What are the prime factors of 2/6 - i/(-30)?
2
Let r = 42 - -8. Suppose r*q + 286 = 52*q. What are the prime factors of q?
11, 13
Suppose 0 = 39*n + 113968 + 151760 - 1199544. What are the prime factors of n?
2, 41, 73
List the prime factors of 8/((-224)/(-187362))*2.
3, 1487
What are the prime factors of ((24/60)/((-2)/10))/(2/(-4701))?
3, 1567
Suppose 4*r = -2*z + 810, 2*r + 3*r - 1215 = -3*z. Let o = 258 + z. What are the prime factors of o?
3, 13, 17
Suppose 29 - 33 = -q. Suppose 2*l - 5*h + 574 = -2*l, -q*l - 4*h = 556. List the prime factors of (-5)/(((-2)/l)/((-4)/6)).
5, 47
Let o(p) = 13387*p**3 + 18*p**2 - 13*p - 4. List the prime factors of o(1).
2, 3347
Let o(x) be the third derivative of -1/30*x**5 + 2*x**3 + 1/3*x**4 + 0 + 4*x**2 + 0*x. List the prime factors of o(5).
2
Suppose -7*s = -5*s - 10. Suppose -2*o = -s*d - 6*o + 614, -5*d + 612 = 2*o. Suppose -3*i + d = m + 4*m, -i = 2*m - 42. What are the prime factors of i?
2, 17
Let y(g) = -241*g - 162. Let n be y(-15). Suppose 0 = 22*r + 637 - n. List the prime factors of r.
2
Let y = -3015 - -6079. Let f = y + -1634. List the prime factors of f.
2, 5, 11, 13
Suppose 2*t = -2*t + 12. Let z be 8/10*(0 - -1 - 6). What are the prime factors of (z + t)/(-1 + 104/106)?
53
Let c = 2674 - 2214. List the prime factors of c.
2, 5, 23
Suppose -22*s - 3*c = -21*s + 1, -2*c + 2 = 2*s. Let v(n) = 2*n. Let p be v(-2). What are the prime factors of 1 + s - (4 + p - 105)?
2, 3
Let j(l) = l**2 + 178*l + 9802. What are the prime factors of j(-135)?
7, 571
Let q(n) = 12*n - 29. Let y(k) = k + 1. Let u be y(9). Let i be q(u). Suppose 4*l + 23 = p, -3*p - 2*p - 4*l = -i. List the prime factors of p.
19
Suppose -5*a - 3*i = -17965, 4065 = 3*a + 2*i - 6713. What are the prime factors of a?
2, 29, 31
Let a(w) = 3*w - 58. Let p(r) = -r + 25. Let j(k) = -3*a(k) - 7*p(k). Let t be (20 + -1)/(-1) - -2. List the prime factors of j(t).
3, 11
Suppose 59*b - 21263 = 54*b + 2*r, 2*r - 8494 = -2*b. List the prime factors of b.
3, 13, 109
Suppose -w - w - 681 = -5*z, 4*w - 282 = -2*z. Let p(r) = -z + 276 - 135*r - 136. What are the prime factors of p(-1)?
2, 3, 23
Suppose -3*r - 2*r + 10 = 0. Suppose v + 5*s = 6, 0 = r*v - s - 2*s + 1. List the prime factors of -1 + 1 + v - -38.
3, 13
Let o = -1403 - -3079. Suppose 3*i - o = -650. List the prime factors of i.
2, 3, 19
Let p(c) = 9*c - 57. Let l be p(7). Suppose -3*i - 1221 = -2*v, 8*i + 1844 = 3*v + l*i. List the prime factors of v.
2, 3, 103
List the prime factors of 40270*16/(-544)*-17.
5, 4027
Let q be ((-4)/(-12)*(5 - 5))/(-1). Suppose 7*w - 2691 - 1271 = q. What are the prime factors of w?
2, 283
Let g(k) = -k**3 + 22*k**2 + k - 15. Let m be g(22). List the prime factors of m/(-35) - -2*4856/10.
971
Let b(l) = 2*l**3 + 3*l**2 + 6*l - 13. Suppose 2*t = -3*c + 15, -2*c = -2*t - 3*c + 5. Suppose 3*f - 22 + 13 = t. What are the prime factors of b(f)?
2, 43
Let l(r) = -r**3 + 24*r**2 - 40*r + 39. Let h(z) = -z**3 - 31*z**2 - 28*z + 77. Let v be h(-30). What are the prime factors of l(v)?
2, 691
Let a(j) = 5*j + 95. Let w be a(-17). Let p(c) = 4*c**3 + 0*c**3 - 3*c**3 - 11*c**2 + 13*c + 4. What are the prime factors of p(w)?
2, 17
Suppose 57843 + 27285 = 8*z. List the prime factors of z.
3, 3547
Suppose 5*v - 4490 - 20305 = -4*c, 0 = c + 4*v - 6196. What are the prime factors of c?
2, 5, 31
Let g(x) = 2*x**2 - 3*x. Let n be g(2). Let l(b) be the first derivative of 32*b**3/3 - b**2/2 - 3*b + 920. List the prime factors of l(n).
3, 41
Let w(b) = b**3 + 6*b**2 + 2*b - 2. Let r be w(-2). Suppose 5*m + 14*v = r*v + 76, v = 2*m - 20. List the prime factors of m.
2, 3
Let r = -198 + 200. Suppose 0 = -r*a - 2, 2*a = y - 0*y - 11. What are the prime factors of y?
3
Suppose -2*h + 202 = -4*b, b + 2*b = h - 152. Let o = b + 98. Let a = 133 - o. What are the prime factors of a?
2, 43
Let c = 66 + -70. Let b(q) = 18*q - 9. Let l be b(c). Let j = -39 - l. What are the prime factors of j?
2, 3, 7
Let a(n) = 192*n**2 + 54. What are the prime factors of a(-7)?
2, 3, 19, 83
Let q be 17*(-3)/(-2)*24/(-9). Let k = q + 570. List the prime factors of k.
2, 251
Suppose u + 2*h = 28, -3*u - 2*h + 68 = -4*h. Suppose -7*k = -11*k + u. Suppose k*r - 2*r + 2*b = 452, 4*r - b = 458. What are the prime factors of r?
2, 3, 19
Suppose 2*j - 31594 = -3*n, 0 = 24*n - 19*n + 4*j - 52656. List the prime factors of n.
2, 2633
Let d be 20*4/16 + 3 + 2. Let x(i) = 9*i**2 - 4*i - 10. List the prime factors of x(d).
2, 5, 17
Suppose 15 = -5*p + 10*p. Suppose -88 = -p*i - 4*m, m = 1 + 3. Let k = i + 14. What are the prime factors of k?
2, 19
Suppose -12*p + 279 = -3*p. Let i(j) = j**3 - 11*j**2 + 11*j - 8. Let x be i(9). Let y = p - x. List the prime factors of y.
2, 3, 17
Let t = 290 - 255. What are the prime factors of -7*(-5)/t*193/1?
193
Suppose -33*q + 144683 + 9790 = 0. What are the prime factors of q?
31, 151
Suppose -3*v - 5 = -20, 0 = t + 5*v - 8742. What are the prime factors of t?
23, 379
Let z = 2024 - -242. What are the prime factors of z?
2, 11, 103
Suppose -2*m + 26*p = 23*p - 41943, 0 = -2*m + 2*p + 41938. What are the prime factors of m?
2, 3, 1747
Let r(f) = 23*f - 216. Let w(l) = -46*l + 435. Let i(n) = -5*r(n) - 2*w(n). What are the prime factors of i(8)?
2, 13
Suppose -u = -4*u + 5*j - 19, -4*u = -3*j + 7. Suppose -4*q + u*q - s + 351 = 0, -189 = -q + 4*s. Suppose -6*l + q = -165. What are the prime factors of l?
3, 19
Suppose 4*t - 2*t = -2*h + 8, 0 = -t - 2. Suppose -2*f - 22 = -h. What are the prime factors of 58/f - -7 - (-269)/4?
67
Let j(n) = n**2 + 3*n + 0*n**2 + 2*n - 6*n - 17. Let d be j(-4). Suppose -t - 2*z + 30 = 3*t, z + 30 = d*t. List the prime factors of t.
3
Suppose -2*d + 60 = -4*v, 4*v + 66 = -2*d + d. Let j(h) = -h**3 - 17*h**2 - 17*h - 15. Let p be j(v). List the prime factors of p/((-162)/33 + 5).
11
Suppose 82*h = 88*h - 20838. List the prime factors of h.
23, 151
Let n = 85 - 68. Suppose -3709 = n*u - 22*u - 4*f, -4*u - 3*f = -2968. List the prime factors of u.
5, 149
Let i be ((-6)/(-15))/((-1)/(-5)) - -2. Suppose h + i*h = 2*m - 78, 3*h + 6 = 0. Suppose 5*b = 261 + m. What are the prime factors of b?
59
Let n(q) = 2*q**3 + q**2 - q. Let a be n(-1). Suppose -j + 27*j - 5382 = a. What are the prime f